) = 19*s - 45. Let v(r) = g(r) - 3*m(r). What is the hundreds digit of v(13)?
2
Let f(r) = 21447*r**3 - r**2 - 3*r + 3. What is the hundreds digit of f(1)?
4
Let v(m) = -25*m**2 + 91*m**2 - 31*m**2 + 35 - 31*m**2 + 32*m. What is the tens digit of v(-19)?
7
Suppose 15*d = 14*d. Suppose 32*b = 33*b + p - 321, d = -5*b - 3*p + 1605. What is the hundreds digit of b?
3
Suppose -15*g + 682873 = 39*g - 98885. What is the hundreds digit of g?
4
Suppose 2*n + 16442 - 91794 = 3*t, -4*t - 188359 = -5*n. What is the ten thousands digit of n?
3
Let y(g) = -g**2 + 21*g - 1. Let o be y(14). Suppose 9*d = o + 11. What is the tens digit of (183/4)/(d/32)?
2
Let o(c) = c**2 + 19*c + 24. Let i be o(-20). Let b = i - 44. Suppose b*r - 50 = -r. What is the tens digit of r?
5
Let m = -28 + 32. Suppose 11*s - 40 - m = 0. Suppose 2*j - 313 = -t + 4*t, 0 = s*j - 3*t - 623. What is the tens digit of j?
5
Suppose -10*n - 21*n - 655632 = -55*n. What is the tens digit of n?
1
Let q be ((2 - 0) + -1)/((-4)/28). Let d(n) = -3*n - 34. Let y be d(q). Let c = y - -112. What is the tens digit of c?
9
Let f(z) = -2597*z - 12. What is the tens digit of f(-3)?
7
Suppose 188*f - 1040520 = -124*f. What is the units digit of f?
5
Suppose -2*s - t + 12 = -33, 4*s + 4*t = 100. What is the hundreds digit of 8136/s - 12/(-10)?
4
Suppose 2*x = -5*u + 54, -2*u + 10 = 2. Suppose 2*p + t + 2*t = 0, -4*p - 5*t = 0. Suppose p = -2*l + x + 33. What is the units digit of l?
5
Suppose -5*l = -20, 104528 = 115*o - 111*o - 4*l. What is the ten thousands digit of o?
2
Let h(q) = -6*q + 6. Let t be h(4). Let z be t/153 - (70/(-17) - 1). Suppose 5*f - 3*l - 888 = 0, 4*f - z*l = -0*f + 700. What is the hundreds digit of f?
1
Let y(z) = 5*z**2 + 7*z + 24. Let r be y(-8). Suppose r = -t - 3*t. Let p = t + 202. What is the tens digit of p?
3
Let p be 8 + -11 - 2*12/(-8). What is the units digit of (-14)/(-49) + p - 1858/(-14)?
3
Let i = -7948 + 14278. What is the units digit of i?
0
Suppose 5*j - 8 = 2, -4*j = -3*l - 2. Suppose o + 420 = l*g, -5*o - 616 = -3*g - 0*o. What is the tens digit of g?
1
Let f(x) = -130*x - 70. Let s(t) = -87*t - 47. Suppose -5*i - 3 = 4*l, -3*l = -0*l - 5*i + 46. Let j(v) = l*s(v) + 5*f(v). What is the hundreds digit of j(-4)?
1
Let u = -84 + 84. Suppose t + 4*c - 13 = 0, u = -3*t - 2*c + 52 - 13. Suppose t*d - 225 = 10*d. What is the tens digit of d?
7
Suppose -4*r + 150 - 158 = 0. What is the tens digit of (-1 + 2)/(171/85 + r)?
8
Let y be ((-10)/4 - -1)*(-56)/(-21). Let c be (11 - -7)/(y/(-6)). What is the units digit of (-1606)/(-18) - ((-48)/c - -2)?
9
Suppose -3*q + 9647 = t, -t - 4*q + 9698 - 57 = 0. What is the thousands digit of t?
9
Let i(f) = -f**3 - 22*f**2 + 22*f + 35. Let m be i(-21). Let x be (-5 - m/63) + 2/9. Suppose x*t - 6*t = 357. What is the tens digit of t?
1
Suppose 4*t = 5*f + 23, -3*t + 4*f + 15 + 3 = 0. Suppose 1756 - 118 = t*j. What is the units digit of j?
9
Let n(j) = j**3 + 5*j**2 + 2. Let b be n(-5). Suppose 3*d + 20 = -d, -b*d = k - 144. What is the tens digit of k?
5
Let w be 0 - (-1 + 4) - -16. Let h(q) = -q**3 + 13*q**2 + 13*q - 50. What is the hundreds digit of h(w)?
1
Let o = -50596 + 84157. What is the ten thousands digit of o?
3
Let t be 8/(-20)*(0 - -5). Let s be (-6 + 7)*t/(-1). Suppose l = s*j + 100, l - j - 4*j = 100. What is the hundreds digit of l?
1
Let a = 9759 - -34335. What is the tens digit of a?
9
Let f(z) be the first derivative of z**2/2 + 11*z - 5. Let h be -5*(0 + -4*3/(-15)). What is the units digit of f(h)?
7
Let g(l) = -11*l**2 + 7*l**2 + 3*l**2 + 1. Let n be g(-3). What is the tens digit of (-4)/5*200/n?
2
Let o(m) = 2*m + 4. Let c be o(-1). Suppose -c*a + 245 = 3*a. Let z = -4 + a. What is the tens digit of z?
4
Suppose 3*m + 664 = 3*o + 1867, -3*m - 1233 = 3*o. Let d = o + 928. What is the units digit of d?
2
Suppose -5*a = d + 6, 5 = 5*d + 2*a - 11. Suppose 3*h - d*h - o = -395, 1205 = 3*h - 2*o. What is the hundreds digit of h?
3
Let x(i) be the second derivative of -611*i**5/20 + i**4/4 + i**3/2 + i**2/2 + 2*i + 33. What is the hundreds digit of x(-1)?
6
What is the tens digit of (18 + -24 + -47933)*(-6 - -5)?
3
Let s = 139 + 1626. Let f = s - 971. What is the hundreds digit of f?
7
Suppose -33*z + x = -30*z - 75, -2*x = -2*z + 46. Suppose -6*o = z*o - 24736. What is the units digit of o?
3
Let x be -3 - ((-96)/(-2))/4. Let j(k) = -34*k**2 - 5*k. Let w be j(-3). What is the hundreds digit of (-3 + w/x)*15?
2
Let a = -18 + 20. Suppose -3*x + 185 = 5*t, 200 = 3*x - 0*x + a*t. What is the units digit of x + 1 + 2 + (1 - 1)?
3
Let c = -2530 + 5283. What is the tens digit of c?
5
Let r = -61 - -57. Let j be (0 - -1) + 0 + r. What is the hundreds digit of (-10)/25 - (j - 4146/15)?
2
Let z = -67 - -67. Suppose z = -9*t - 0*t + 27. Suppose 5*a - r = 524, -t = -5*r + 2. What is the hundreds digit of a?
1
Suppose -798472 + 4583355 = 235*o - 1205812. What is the units digit of o?
7
Suppose -1225893 = -57*n - 73239. What is the thousands digit of n?
0
Let v = -86 - -87. Let n(d) = -322*d**2 + 1. Let y be n(v). Let i = y + 457. What is the tens digit of i?
3
What is the thousands digit of 3663 + (-8 - -14) + (2 - 2)/(-2)?
3
Let d be ((-8)/6 + 0)*-6. Let k(s) = s**3 - 4*s**2 + 39*s + 9. What is the units digit of k(d)?
7
Suppose -3*z = -d - 4, -5*z + 5*d + 4 - 14 = 0. Suppose z*w - 627 = -8*w. Suppose t = -4*j + w, 0*j = -5*t + 5*j + 360. What is the tens digit of t?
6
Suppose 12*t - 57047 = 3397. What is the units digit of t?
7
Let j be (0 - -4)*((-191)/2 + 0). Let p = j - -550. Let n = -82 + p. What is the tens digit of n?
8
Let f(z) = -33*z - 5. Let i = 35 + -8. Let q = -29 + i. What is the units digit of f(q)?
1
Suppose 10*y - 22606 - 42594 = 0. What is the hundreds digit of y?
5
Suppose 2*b = 791 - 773. Suppose -u - 4967 = -b*p + 5*p, 25 = 5*u. What is the units digit of p?
3
Suppose -i = 4*l + 983, -3*l + 7*i = 4*i + 726. Let n = 669 - l. What is the units digit of n?
4
Let x(o) be the third derivative of 2*o**4/3 - 5*o**3/2 - o**2 - 2. What is the units digit of x(3)?
3
Let d be (-2 + (-4)/(-3))/(52/(-20982)). Let g = 361 - d. What is the tens digit of g?
9
Let z(f) = f**2 - 5*f - 2. Let y be z(6). What is the units digit of (y/10)/(10/1475)?
9
Let f be 9138/8 - 12/48. Suppose 5138 = 18*p + f. What is the units digit of p?
2
Let z = -5459 - -6104. What is the hundreds digit of z?
6
Let m = -23480 + 48572. What is the ten thousands digit of m?
2
What is the thousands digit of (-44)/(-15) - 3 - (-1494012)/180?
8
Let i(k) = k**3 + 5*k**2 - 21*k + 21. Let x be i(-8). What is the units digit of 10 + x + (295 - -5)?
7
Let p = 103 - 100. Suppose -j = p*v - 656, -2*v + 3*v = 3. What is the hundreds digit of j?
6
Suppose 112*q - 109*q - 1308 = 0. Let x = q + -218. What is the tens digit of x?
1
Let t be 19 + (3 + -3)/(-1). Let o = -14 + t. Let i(l) = 3*l**2 - 7*l + 7. What is the units digit of i(o)?
7
Suppose 9*k - 18*k = -9, 46310 = 3*p - 4*k. What is the thousands digit of p?
5
Let a = 2854 - 4034. Let c = 406 - a. What is the hundreds digit of c?
5
Suppose -15*u = 5*u - 60. Suppose -712 = 3*h - 5*b - 4032, -u*h + 3292 = 2*b. What is the thousands digit of h?
1
Suppose -3*c + 8*c = 15. Let p be c/(-2)*(-32)/(-12). Let k(x) = -7*x + 3. What is the tens digit of k(p)?
3
What is the thousands digit of (-7)/(-4) + -2 + (-1356435)/(-172) + -7?
7
Let q = 28565 + -9744. What is the hundreds digit of q?
8
Let f(t) = t**3 - 11*t - 15. Let l be f(-3). Let j(s) = 6*s + 28. Let h(x) = 24*x + 113. Let o(w) = 2*h(w) - 9*j(w). What is the tens digit of o(l)?
2
Suppose -6635 = -3*g - 2*g - 5*i, -5326 = -4*g + 2*i. What is the hundreds digit of g/6 + (-26)/(-78) - 4?
2
Suppose 5*x - 131 = -3*b, 6 - 1 = 5*x. Suppose 5*u + 2*u - b = 0. Suppose -3*g + 4*v + 118 = 0, 148 = 4*g + u*v - 2*v. What is the tens digit of g?
3
Let m be (176 - 0) + (2 - 3/3). Suppose -172*p = -m*p + 1495. What is the units digit of p?
9
Suppose 3*w + 20952 - 90416 = -y, 3*y + 46313 = 2*w. What is the hundreds digit of w?
1
Let v(c) = c**3 - 2*c**2 + 30. Let r be v(0). Suppose 0 = 5*i - 2*w + 45, -5*i + 3*w - 20 = r. Let h = 82 - i. What is the units digit of h?
9
Let z = 94 - 28. Let m = -64 + z. Suppose -95 - 44 = -w - 5*q, -2*w = -m*q - 218. What is the units digit 